f 14 and l.
14
Suppose -56*w + 43 = -55*w. Suppose w*m - 40*m = 378. Let n = m - 78. Calculate the highest common factor of n and 16.
16
Let o be 246*((-10)/4 - -1). Let l = 65 - o. What is the greatest common divisor of l and 14?
14
Let y be ((-40)/(-2))/(37/(-222)). Let f = y + 140. Calculate the highest common factor of f and 4.
4
Let l(h) = 2*h**3 + 11*h**2 - 27*h - 9. Let y be l(4). Suppose -101 - y = -9*w. Calculate the highest common divisor of w and 32.
32
Suppose 83 + 412 = 55*d. What is the highest common divisor of d and 18?
9
Suppose 0 = 9*z + 21*z - 11*z - 40964. What is the highest common factor of 484 and z?
44
Suppose 3502 = 572*l - 555*l. Let u be 2*2/(-4) - 7. Let c = u + l. Calculate the greatest common divisor of c and 22.
22
Let x be 16383/15 + 19/(-95). Let m be ((-90)/4)/((-117)/x). Let q = 24 - -6. Calculate the greatest common divisor of q and m.
30
Let m(c) = -c**2 - 19*c + 10. Suppose 4*v - a + 82 = 3, -v = -a + 22. Let n be m(v). What is the highest common divisor of 85 and n?
5
Suppose 6*v = 11*v - 210. Suppose -v + 66 = o. What is the highest common divisor of o and 48?
24
Let q(j) = 6 - 23 + 8 + 4*j + 7. Let l be q(11). Calculate the greatest common divisor of l and 56.
14
Let r be 1 + ((-723)/(-5) - -1) + (-561)/935. Calculate the greatest common factor of 11023 and r.
73
Let k = 482 + -841. Let a = k - -419. What is the greatest common divisor of 320 and a?
20
Suppose -3*r = a + 11 - 46, 3*a = 8*r - 48. Calculate the greatest common divisor of r and 390.
3
Suppose 3*i = -162*k + 160*k + 30, 0 = -5*k + 3*i + 159. What is the greatest common divisor of 4068 and k?
9
Let o(l) = -7*l**2 + 163*l - 81. Let v be o(17). What is the highest common divisor of v and 299?
23
Suppose -8*a + 10 = 2*a. Let f be a + 0 + -3*(-5)/3. Suppose 77 = f*d + 5*d. Calculate the greatest common divisor of d and 7.
7
Suppose 51*z = 41*z - 120. Let a(x) = -x**3 - 10*x**2 + 6*x - 16. Let w be a(z). What is the highest common divisor of w and 40?
40
Let j = 4990 + -4678. What is the greatest common divisor of j and 429?
39
Let r(x) = 119*x**2 - 2*x + 2. Let g be r(1). Let n = 158 - g. Calculate the highest common factor of 3 and n.
3
Let f be (-5 - 10/(-3))*(3 + -42). What is the greatest common divisor of f and 637?
13
Let n = -4571 + 4670. Calculate the greatest common divisor of 275 and n.
11
Let s be (2 + -1)*10/(5 - 3). Let y be 45/s + (-4)/(1 + -5). Calculate the highest common divisor of 210 and y.
10
Suppose 12*c - 2*t + 28261 = 17*c, 5609 = c - 5*t. What is the greatest common factor of 42 and c?
21
Suppose -149 = 2*s + t, -5*t + 217 = 3*s - 6*s. Let x be (-14)/(-35)*-5 - s. Calculate the greatest common divisor of 264 and x.
24
Let k = -2829 - -2869. Calculate the highest common factor of k and 112.
8
Let c = 3540 - 3378. Suppose -v + 5*v = 24. Calculate the highest common factor of v and c.
6
Let p(v) = -v**3 + 12*v**2 + 2*v - 25. Let i be p(12). Let a be -20*(i - -5 - 200/16). What is the highest common divisor of 51 and a?
17
Let t(v) = 30*v**2 + 529*v - 33. Let s be t(-18). Calculate the greatest common factor of 110 and s.
55
Suppose 220*w - 19404 = -319*w. Calculate the highest common divisor of w and 9984.
12
Let f(r) = r**3 - 9*r**2 + 10*r - 12. Let j be (-6)/(-57) + (-300)/(-38). Let z be f(j). What is the highest common divisor of z and 256?
4
Let w be 10234/70 + (-24)/(-30). What is the greatest common divisor of w and 49?
49
Suppose 14 - 8 = 3*o. Suppose 2*n - 31 - 62 = 3*x, 90 = o*n - 2*x. Let c = -226 + 282. What is the highest common factor of n and c?
14
Let w(t) be the second derivative of -1/12*t**4 - 7*t**2 + 0 + 5*t**3 - 14*t. Let m be w(24). Calculate the highest common factor of m and 52.
26
Let g(v) = v + 11. Let x be g(-16). Let k be (108/(-4))/(4 + x). Let y = k + 48. Calculate the highest common factor of y and 15.
15
Suppose -38*j + 66*j + 1242 = 55*j. What is the greatest common factor of j and 4163?
23
Let u = -93 + 213. Let h = 16 + -9. Let w = 31 - h. Calculate the highest common factor of u and w.
24
Let n = -3362 + 3428. Calculate the greatest common divisor of n and 759.
33
Let g = -812 + 816. Suppose -s = -1, -2*s = -3*q - 6*s + 76. Suppose g*w - 8*w = -q. What is the highest common divisor of w and 96?
6
Suppose 0 = -4*t + 2*t + 8. Suppose t = -2*d, -81 = -4*b + d + 529. Suppose -10*h - 703 = -893. Calculate the greatest common divisor of b and h.
19
Let q(p) = 4*p**2 + 125*p - 2329. Let x be q(78). What is the greatest common factor of x and 11?
11
Let b = 6039 + -3026. Calculate the highest common divisor of 393 and b.
131
Suppose -482*z + 231*z + 277857 = 0. Calculate the greatest common divisor of z and 5658.
123
Let b(g) = 2*g + 31. Suppose -4*m + 88 = 4*w, w + 0*m = 2*m + 7. Let a be b(w). Let k = 179 - a. Calculate the greatest common factor of 76 and k.
38
Let l be (14 - 0)/(-3 - -1). Let j(p) = -5*p**2 + 9. Let i be j(l). Let w = i + 371. Calculate the highest common factor of w and 15.
15
Let z(u) = u**3 + 32*u**2 - 35*u - 62. Let n be z(-33). Suppose i + 997 = n*b, 2*b = -i - 321 + 812. What is the highest common divisor of 310 and b?
62
Suppose 5*z - 2*q - 210 = 0, -3*z - 5*q = z - 168. Let t = -12705 + 12873. What is the highest common divisor of t and z?
42
Let i = -162 + 288. Suppose -11*h = -20*h + i. Suppose -2*g + 5*s - 11 = 0, -4*g + 0*g = -3*s - 13. What is the greatest common factor of g and h?
7
Let t be ((-2)/(-9) - 3468/(-918))*1*10. Calculate the highest common factor of t and 435.
5
Let j = 58 - 43. Let w be ((-3)/j)/(-1) + 96/20. Let x be 149/w - 23/(-115). Calculate the greatest common factor of 6 and x.
6
Let o = 9 - -8. Let v(y) = 11 + 15 - 13 + 23*y + 8. Let j be v(5). Calculate the greatest common factor of o and j.
17
Let n be (-18)/(-2) + (-75)/15. Let b(d) be the first derivative of -2*d**2 - 6. Let t be b(-8). Calculate the greatest common factor of t and n.
4
Suppose -20520 = -183*w + 3*w. What is the highest common divisor of w and 2793?
57
Let t = 3 - -8. Let w(g) = 23*g - 50. Let v be w(8). Let r = v + -79. What is the highest common divisor of t and r?
11
Let d(v) = -v**3 - 10*v**2 + 36*v - 32. Let x be d(-13). Suppose -w = -0 - 1. What is the highest common divisor of x and w?
1
Suppose -1287 = -80*y - 7. Calculate the greatest common divisor of 3728 and y.
16
Let l be ((-12)/8)/(-3)*0. Suppose -11*w - 78 + 243 = l. Let q be (w/1)/(4/8). What is the highest common divisor of 12 and q?
6
Let q(g) = -158*g - 1787. Let b be q(-15). What is the greatest common divisor of b and 795?
53
Let h be (-233)/(-3) + (-11)/(-33). Let l = -64 + h. What is the highest common divisor of l and 182?
14
Let r = -10 + 19. Let b(p) = 39*p**2 - 5*p - 3*p - 38*p**2 + 4 - 5*p + 6*p. Let d be b(r). Calculate the highest common factor of d and 198.
22
Let i(b) = 8*b**2 + 13*b - 1. Let a be i(-6). Let c be 23 + 18 - (1/2)/((-7)/42). Calculate the highest common divisor of c and a.
11
Let u(x) = -x**3 + 12*x - 9*x - 13*x + 44*x**2 + 21 - 14*x**2. Let m be u(29). What is the highest common divisor of m and 52?
52
Suppose -6*c - 196559 = -27*c + 66844. What is the highest common divisor of 222 and c?
111
Let d(b) = 8*b**3 - 12*b**2 + 17*b + 8. Let h be d(2). Calculate the highest common factor of h and 1711.
29
Let x(g) = -g**2 + 7*g - 5. Let b be x(9). Let t(d) = -5*d - 25. Let u be t(b). Calculate the greatest common divisor of 9 and u.
9
Let f = -5226 - -5474. What is the greatest common divisor of f and 6820?
124
Let d(s) = 8*s**3 - 2*s**2 + 3*s - 2. Let f be d(2). Let m be 2300/25 + (4/(-8))/(-1)*-24. Calculate the highest common factor of f and m.
20
Let i(y) = 124*y**2 - 67*y + 192. Let m be i(3). Calculate the highest common factor of m and 41.
41
Let r = 13067 - 13018. What is the highest common divisor of 1015 and r?
7
Let y = -4695 - -4735. Let j(i) = i**3 + 2*i**2 - i + 6. Let n be j(7). What is the highest common factor of y and n?
40
Let a be 9*-695*2*(-63)/90. What is the highest common divisor of 63 and a?
63
Suppose -5*b = -2*d - 25, 3*b + 5*d = 9*d + 15. Suppose 11*i = 10*i - k + 27, b*i - 141 = -3*k. What is the highest common divisor of 60 and i?
30
Suppose -2661 - 698 = -23*d + 8026. Suppose -5*h + 2*h = u - 55, h = u - 55. What is the greatest common divisor 